-4
Let u = -64 - -52. Let z be 5*u/(-100) - (-13)/(-5). Let o(l) = -2*l**3 - l**2 + l - 1. What is o(z)?
9
Let m(i) be the first derivative of -i**2/2 + 12*i - 2. Let b = -704 - -707. Suppose -b*q = q - 2*q. Calculate m(q).
12
Let o(l) = 297*l + 13070. Let q be o(-44). Let v(h) = h**2 + 2*h + 0*h**2 - 2*h**2. What is v(q)?
0
Let d(q) = 175*q + 1395. Let l be d(-8). Let w(p) = -p**2 - 3*p + 7. What is w(l)?
-3
Let z(v) be the first derivative of -7*v**3/3 - v**2 + 3*v - 374. Suppose 0 = 2*j - 6*j + 8. Determine z(j).
-29
Let s(t) = 5*t + 12. Let y(k) = 3*k + 8. Let g(i) = -5*s(i) + 8*y(i). Let p be 44/(-8) - 18/(-12) - -7. Suppose l = d + 1 - 2, -p*l + 3 = 3*d. Give g(l).
4
Suppose -2*w - k - 38 = 7, -5*k = -15. Let i(c) = c**3 + 25*c**2 + 26*c + 42. Calculate i(w).
-6
Let x be ((-23)/(2208/840))/(5/(-8)). Let a(s) = 4*s + 34. Give a(x).
90
Let h(b) = b - 2. Let l(o) = o**2 - 5*o - 16. Let g(w) = -w**2 + 6*w + 15. Let m(v) = 5*g(v) + 4*l(v). Let u be m(11). Suppose -3*r + u*r = -r. Give h(r).
-2
Let v(w) = w - 7. Let d be (-1 - 2) + (-10 - -58). Let s be -5*(-2)/d*9. Suppose l - t + 9 = -s*t, -4*l - t - 27 = 0. Determine v(l).
-13
Let w(i) = -i**2 + 5*i - 7. Suppose -39 + 9 = -10*f. Suppose -3*g = -4*a - f - 74, g - 2*a = 27. Suppose g = h + 18. Determine w(h).
-7
Let l(z) = 2*z - 1. Let h(a) = 3*a. Suppose 10*n - 8*n = -8. Let y(o) = n*l(o) + 3*h(o). Suppose -v + 88 = -2*f + 89, f = -3*v + 18. Calculate y(f).
7
Let p(g) = 19*g**2 + 24*g + 17. Let j(t) = 9*t**2 + 11*t + 8. Suppose 4*l + 4 = 2*a - 4, 0 = 3*a - 3*l - 15. Let n(q) = a*p(q) - 13*j(q). Calculate n(-3).
-32
Suppose 0 = 4*i + 4, i - 6 = 4*d - 35. Let f(z) = z**3 - 10*z**2 + 24*z - 15. Determine f(d).
6
Suppose 0*w - 2*v + 42 = -3*w, 2*v - 6 = 0. Let q(y) = -y - 17. Let k be q(w). Let b(m) = 2*m - 3. Calculate b(k).
-13
Let d(m) be the second derivative of -m**5/120 + m**4/12 - 9*m**3 - 3*m - 10. Let l(s) be the second derivative of d(s). Calculate l(9).
-7
Let n be (-9)/3 - (-53 + 56). Let w(o) = 1 - 5 - 3 - 2*o. Determine w(n).
5
Let y(o) = -9*o + 63. Suppose n + 34*v = 35*v + 13, n + 64 = -10*v. What is y(n)?
9
Let r(x) = -x**2 + x - 3. Let y(p) = 12 + 2*p - 13 - 6 - 2*p**2. Let t = 22 - 18. Let u(v) = t*y(v) - 9*r(v). Calculate u(-3).
11
Let b be (7/(-15) - 68/(-85))/40. Let x(o) be the third derivative of b*o**6 + 2/3*o**3 + 0 - 1/6*o**4 + 1/15*o**5 + 12*o**2 + 0*o. Give x(-5).
-1
Let s(d) = 3*d**3 + 3*d**2 - d + 3. Let c(f) = f**3 + 15*f**2 + 46*f + 19. Let z be c(-11). Let b be 2/24*2*4*z. What is s(b)?
-7
Let z(t) be the second derivative of -1/4*t**4 + t + t**2 + 0 - 1/6*t**3. Let c(k) = -k - 32. Let d be c(-30). Calculate z(d).
-8
Let c(q) be the first derivative of 5*q - 244 - 7*q - 78 + q**2. Determine c(-1).
-4
Suppose -5*a = 93*n - 90*n - 121, -5*a = -n - 13. Let d(i) = 4*i - 88. Determine d(n).
20
Let q(s) = 468*s + 24. Let p be q(4). Let l(t) = 0*t + p - t - 1892. What is l(0)?
4
Let n(t) be the second derivative of -t**5/10 - t**4/6 - 5*t**2 - 75*t + 19. What is n(-3)?
26
Let i(r) = -r. Suppose 0 = -10*v - 716 + 2246. Suppose -p + 4*p - v = 0. Let b = -54 + p. What is i(b)?
3
Suppose 3*a - 3*d - 12 = 0, -38*a + 20 = -35*a + d. Let z(n) = -3 - 2*n + 0*n - 3 + n**2 - 2*n. Calculate z(a).
6
Let m(k) be the first derivative of 2*k**2 + 16*k - 274. Calculate m(0).
16
Let r(u) = 13*u - 127 - 119 - 110 + 456. Calculate r(-7).
9
Let w(k) = -k + 1. Let t be w(3). Let g(z) = 116*z - 13. Let v(m) = 45*m - 5. Let u(l) = 5*g(l) - 13*v(l). Give u(t).
10
Let l be -2 + -4 + (11 - -5). Let w(c) = 0*c**3 - c**2 - l*c**3 + 1 + 14*c**3. Suppose -2*n + 4*n = -4*z + 2, 5*z = 0. Calculate w(n).
4
Let s(l) = -3*l**2 - 11*l + 198. Let w be s(-10). Let d(q) be the third derivative of -1/2*q**3 + 1/24*q**4 + 0 + 2*q**2 + 0*q. Calculate d(w).
5
Let s(r) = 37*r + 14*r**2 + 16*r**2 - 59*r**2 + 18 + 17*r**2 + 15*r**2. Calculate s(-12).
6
Suppose 0 = 4*d + 7*q + 14, -5*d + 65 = 80*q - 85*q. Let t(r) = -24*r + 166. Determine t(d).
-2
Let m(k) = k + k**2 - k**3 + 3*k**2 + 7 + k**2. Let x be 26/(-91) + 18/14. Let q be (111 - 112) + 7*x. What is m(q)?
-23
Let d(r) = -39050*r - 39043*r + 78088*r + 18. Give d(-3).
33
Let g(b) be the second derivative of 3*b**2 - 56*b - 1/2*b**3 + 0. Give g(5).
-9
Let l(i) = -11*i**2 - 14*i + 2. Let r(x) = -2*x**2 - x + 1. Let w(n) = -l(n) + 6*r(n). Let c be 3/12 - 188/(-16). Suppose 3*u - c - 12 = 0. Calculate w(u).
4
Let y = -5868 - -5859. Let i(a) = 3*a + 22. Give i(y).
-5
Let c(n) = -155*n + 128. Let w(x) = 134*x - 127. Let s(y) = 6*c(y) + 7*w(y). Give s(16).
7
Let p(j) = -2*j + 4. Let v be p(3). Let t(s) = 2*s**3 + 3*s**2 + s. Let m be t(v). Let x(b) = -170*b + 43*b + 58*b + 68*b. Calculate x(m).
6
Let w(v) = -9*v**2 + 61*v - 18. Let p(s) = -16*s**2 + 108*s - 35. Let z(y) = 4*p(y) - 7*w(y). Calculate z(3).
-8
Let g = 126 - 116. Let v(f) be the second derivative of -f**5/20 + 11*f**4/12 - 4*f**3/3 - 11*f**2/2 + 50*f. Calculate v(g).
9
Let w(v) be the second derivative of v**3/3 + 3*v**2 + 8*v. Suppose -6*q + 7 = -23. Suppose -6 = q*a + 24. What is w(a)?
-6
Let w(q) = -1. Let s(l) = -5*l**3 - 7 + 2 + 4. Let v be s(1). Let a(x) = -4*x - 11. Let d(j) = v*w(j) + a(j). Calculate d(-4).
11
Suppose 348 = -5*k - 2*v, 29 = -2*v + 11. Let o(x) = x**3 + 65*x**2 - 64*x + 126. What is o(k)?
-6
Let k(d) = -19*d**2 + 21 - d**3 + 42*d - 32 + 14. Let b be k(-21). Let q be 0*((-15)/b - -4) - 2. Let y(t) = t**2 - 2*t - 3. Calculate y(q).
5
Suppose -7*c - 4*d = -5*c - 20, 0 = -d + 3. Let g(l) = 0 + 2 - 2*l - 2. Let y(r) = 9*r - 1. Let p(h) = c*g(h) + y(h). Give p(8).
7
Let q(o) = o + 6*o + 4*o. Let s be (-6 - 256/(-12))*(-33)/(-2). Suppose s*a = 256*a + 3. Calculate q(a).
-11
Let s be 1 + 1 + (-2)/5*10/2. Let o(j) be the second derivative of -5/2*j**2 + 1/6*j**3 + s - 6*j. Give o(6).
1
Let r(b) = -b + 1. Let g be 2/(-2)*48/(-6). Suppose 0 = -6*s + g*s - 4. Suppose t = f + 9, -s*t + 20 = -5*f - 4. Calculate r(t).
-6
Let i(a) = a**2 + a. Suppose 3*v - 5 = z + 3*z, -20 = -5*z - 5*v. Let w(m) = 5*m**2 + 5*m - 25. Let q(j) = z*w(j) - 6*i(j). Determine q(0).
-25
Let i(p) = -p**3 - 6*p**2 - 2*p - 25. Suppose 0 = -37*x + 61 - 283. Calculate i(x).
-13
Let s(l) = 6*l + 1. Suppose 2*z + 4*f - 152 = 0, -140 = -3*z - 5*f + 84. Let u = z + -67. Give s(u).
7
Suppose a = -c - 2*c + 1056, -a = 4*c - 1408. Let v(u) = -u**3 - c + 7*u + 691 - 344 - 9*u**2. Calculate v(-10).
25
Let n(q) = 5*q + 1. Let g(m) = m**2 + m - 83. Let x be g(0). Let c(z) = -17*z - 404. Let a be c(-19). Let d = x - a. Give n(d).
-9
Let n(h) = 2*h**2 - 3*h - 2. Let x(b) = 15*b**2 - 21*b - 19. Let a(d) = -8*n(d) + x(d). Let i(f) = f**3 - f. Let u be i(2). Give a(u).
-21
Suppose -7 = -3*x - 2*m, 3*x = -266*m + 263*m + 9. Let s(y) = 45*y - 3. Calculate s(x).
42
Let n(d) = 2*d + 41. Let b(z) = -4*z - 83. Let q(m) = 4*b(m) + 9*n(m). Calculate q(-13).
11
Let s(j) = -5*j + 3. Suppose -3*k + 2*z = 2, 4*k + 3*z = 27 - 7. Determine s(k).
-7
Let i(v) be the third derivative of -v**6/120 - 11*v**5/60 + 3*v**4/4 - 13*v**3/6 - 1661*v**2. What is i(-13)?
91
Let r(c) = 331 + 331 - 664. Let u(v) = -v + 21. Let x(n) = -4*r(n) - u(n). Give x(11).
-2
Let p(l) = -23*l - 96. Let s be (3/(-2))/(12*(0 - (-3)/96)). Give p(s).
-4
Let b(q) = q - 2. Let f(d) = d**3 + d**2 + d + 6. Let i be f(0). Let k be (5/20)/((-2)/8 - 0). Let n be (-4 - k - -2)*i. Determine b(n).
-8
Let x(r) = r - 2. Suppose 13*p + 2313 = 5914. Let d = p - 268. Give x(d).
7
Let m(z) = -884*z + 1787*z - 900*z + 0 + 5 - z**2. Calculate m(5).
-5
Let c(j) be the second derivative of -3*j**3 + 4*j**2 - 2*j + 203. Calculate c(4).
-64
Let z(v) be the first derivative of v**3/3 - v**2/2 - 6*v + 89. Suppose -2*c - 30 = c. Let l = c + 15. Calculate z(l).
14
Let f be 3*(-2)/6 - 2. Let v(o) = -2*o**2 - 5*o - 1. Let y be v(f). Let b be 14/35*(-50)/y. Let m(w) = w - 7. Give m(b).
-2
Let o = -5617 + 5645. Let g(b) = b**3 - 29*b**2 + 27*b + 27. Give g(o).
-1
Let g(f) = 9*f + 420*f**3 - 8*f - 390*f**3 - f**2 - 1. What is g(1)?
29
Let m(q) = -q**3 + 14*q + 22. Suppose -14 = 4*h - 2*g, 175*g = 3*h + 177*g. Calculate m(h).
2
Suppose -157*a + 190*a - 132 = 0. Let i(b) be the second derivative of 1/12*b**a + 1/6*b**3 + 0 - 1/2*b**2 + 12*b. Determine i(-5).
19
Suppose h = 2*d - 4*d + 15, 5*d - 29 = -2*h. Suppose